00000
Convert e80e (base 16) to base 5.
3400111
122000212 (base 3) to base 8
30200
-242852 (base 9) to base 16
-23c3f
10000110000011000010000 (base 2) to base 6
234051252
11814 (base 15) to base 3
2211120101
4131 (base 5) to base 11
452
What is -547537 (base 9) in base 7?
-2531305
What is -1002012121121 (base 3) in base 2?
-10001100010110110100
What is 1164601 (base 7) in base 6?
3120521
What is 2603 (base 15) in base 7?
32424
What is -65ab0c (base 13) in base 3?
-11111122111122
Convert 100101000001110110111 (base 2) to base 12.
4a621b
What is 1324432241 (base 6) in base 11?
8a79908
18ec6a (base 16) to base 4
12032301222
119b92 (base 14) to base 8
2232124
What is -1345251 (base 7) in base 15?
-382d3
155569 (base 16) to base 7
14612104
What is -7d33e (base 16) in base 15?
-a1e3a
What is -3b853 (base 15) in base 16?
-2e99e
-210032012 (base 6) to base 16
-379868
Convert -337264 (base 10) to base 6.
-11121224
-10110000011010110110010 (base 2) to base 7
-100064656
What is -1aa933 (base 12) in base 4?
-1303322313
Convert 133222312 (base 4) to base 13.
47074
57650 (base 14) to base 2
110011111000110110
What is -11010120000 (base 3) in base 9?
-133500
Convert 1322104 (base 6) to base 14.
1c89a
22384 (base 14) to base 5
10124044
What is -568758 (base 11) in base 7?
-10455330
What is -1c5cae (base 16) in base 5?
-433434414
What is -703856 (base 9) in base 14?
-ab989
-1110111010011000010 (base 2) to base 9
-824255
-ab5277 (base 12) to base 11
-15a1729
Convert -1328180 (base 9) to base 10.
-727695
Convert 119ca6 (base 13) to base 4.
1212332133
-200034012 (base 5) to base 14
-16581a
What is -935b (base 14) in base 16?
-6315
What is 10101010110000100 (base 2) in base 6?
1512432
-5958a (base 11) to base 12
-41853
-130300030311 (base 4) to base 10
-7537461
Convert -10111001001010111 (base 2) to base 7.
-543256
Convert 13804 (base 11) to base 2.
100110010010110
What is 2377746 (base 9) in base 13?
362c01
a431 (base 13) to base 14
83a6
Convert -3750515 (base 9) to base 3.
-10211200120112
-22021021020 (base 3) to base 13
-59112
What is 1012277 (base 8) in base 15?
543a5
What is -15237 (base 8) in base 2?
-1101010011111
What is 402474 (base 10) in base 5?
100334344
Convert 65434626 (base 7) to base 2.
10101011000100011110100
Convert 588035 (base 10) to base 2.
10001111100100000011
What is -220002220211 (base 3) in base 12?
-1aa734
What is 454305404 (base 6) in base 7?
130540513
-51272 (base 13) to base 14
-3b001
31121213 (base 4) to base 14
16007
-101011003 (base 4) to base 8
-210503
-60080 (base 11) to base 12
-42a7a
Convert -201302223 (base 4) to base 6.
-2544443
Convert 1884 (base 10) to base 12.
1110
What is 110011101000001 (base 2) in base 14?
98c1
What is d3b56 (base 15) in base 9?
1232150
-1001112010 (base 3) to base 5
-1131133
Convert 11011111000010100110111 (base 2) to base 10.
7308599
Convert 10103201323 (base 4) to base 13.
3068c2
Convert -45c99 (base 13) to base 16.
-1f197
-331111 (base 4) to base 8
-7525
2ab08b (base 16) to base 4
22223002023
What is -5b8 (base 15) in base 16?
-512
What is 58e0c (base 16) in base 6?
11445220
What is -1d2d (base 16) in base 12?
-43a5
What is 2671546 (base 8) in base 12?
302346
-d7914 (base 15) to base 12
-28b86a
-21311032 (base 5) to base 4
-230130001
Convert -9640d (base 15) to base 13.
-139030
What is 8ab1b (base 12) in base 11?
116908
Convert 22100101021 (base 3) to base 4.
220013032
What is -62817 (base 10) in base 12?
-30429
Convert 266aa (base 15) to base 7.
1021426
Convert -2331040 (base 6) to base 3.
-20010122220
-61e14 (base 15) to base 2
-1001011110000010110
Convert -35221455 (base 7) to base 9.
-5741426
What is -212111620 (base 7) in base 8?
-60061456
95b15 (base 12) to base 16
30101
Convert -136226 (base 9) to base 16.
-1455c
What is -2254454 (base 6) in base 11?
-7a496
5342070 (base 8) to base 4
11130100320
What is 1001110001101010011110 (base 2) in base 12?
a3707a
What is -b3c831 (base 14) in base 15?
-7ec451
What is 827010 (base 16) in base 7?
132442233
Convert 341167 (base 10) to base 4.
1103102233
236264 (base 7) to base 14
1196b
What is 1176666 (base 8) in base 13?
b5b61
-1110010000000110 (base 2) to base 14
-173b8
6337337 (base 8) to base 4
12123323133
-49eea (base 15) to base 9
-400054
-7144002 (base 8) to base 15
-273d25
What is -876953 (base 11) in base 5?
-324300103
What is -1809552 (base 10) in base 11?
-10265a8
What is -11000001100101000 (base 2) in base 12?
-49434
Convert -11101110100110100100 (base 2) to base 8.
-3564644
What is -155242 (base 7) in base 11?
-21039
186624 (base 11) to base 4
1012003011
Convert 22513454 (base 6) to base 10.
694186
What is 1251a0 (base 12) in base 15?
5d9c3
-d79940 (base 15) to base 4
-213020210112
Convert 641ba1 (base 13) to base 11.
13627aa
-220110010010121 (base 3) to base 16
-c64228
What is 230310003 (base 4) in base 10?
183555
Convert -20031203 (base 4) to base 14.
-c387
65e7df (base 16) to base 15
8bdc30
21345221 (base 7) to base 5
431422323
Convert d0bbec (base 16) to base 4.
310023233230
Convert 15cb5b (base 14) to base 8.
2726215
What is 32010131 (base 4) in base 10?
57629
Convert 293865 (base 12) to base 2.
10101000101000001101
Convert 1651005 (base 8) to base 15.
97234
What is -8de (base 16) in base 5?
-33040
Convert 6e4fd (base 16) to base 5.
103424322
211101100022 (base 3) to base 15
8a812
Convert 5bd (base 14) to base 5.
14042
-30240133 (base 5) to base 11
-156772
What is -2421403120 (base 5) in base 11?
-3211648
What is 17b0b (base 16) in base 4?
113230023
What is -1120513 (base 6) in base 5?
-3312323
What is 1340566 (base 12) in base 11?
2177203
Convert 104538 (base 9) to base 13.
22535
Convert 313240003 (base 5) to base 16.
13ec1c
Convert -333807 (base 14) to base 12.
-6ba113
Convert -4144302 (base 6) to base 2.
-110000111101101110
What is 2a98b6 (base 14) in base 8?
5526630
What is -243650 (base 10) in base 3?
-110101020002
Convert -227144 (base 8) to base 9.
-127163
2633240 (base 7) to base 12
147442
Convert 35052225 (base 6) to base 9.
2025538
-10007313 (base 9) to base 15
-648b6c
2510250 (base 6) to base 12
65386
Convert 730b40 (base 12) to base 6.
102411320
Convert -538a807 (base 11) to base 9.
-18736576
Convert 953009 (base 11) to base 13.
415b6b
357a7 (base 12) to base 16
1192f
What is 103504310 (base 6) in base 2?
111000101111101110010
Convert 11112020202 (base 3) to base 15.
1b615
Convert 1110001100000011 (base 2) to base 3.
2221201102
Convert 1211200222111 (base 3) to base 12.
3b2194
Convert -b4d33 (base 16) to base 3.
-1101121222211
What is -44043330 (base 5) in base 4?
-1130101231
Convert 3101401 (base 6) to base 10.
148105
Convert -1221403043 (base 5) to base 14.
-55db88
1101220111010 (base 3) to base 15
eb116
-10324030 (base 5) to base 2
-10101110010110001
Convert 198580 (base 10) to base 6.
4131204
Convert 141644 (base 7) to base 8.
64710
-1041253 (base 8) to base 15
-57ae1
Convert -47254 (base 14) to base 10.
-173338
What is -21102221211 (base 3) in base 11?
-a007a
What is 7140b (base 14) in base 10?
272451
Convert -22201110000211 (base 3) to base 6.
-243154551
What is -544688 (base 11) in base 3?
-1122012100221
-455201 (base 6) to base 7
-220636
What is -1b1cc (base 16) in base 14?
-2c684
10011110011000000111 (base 2) to base 15
cc326
Convert 10210022100 (base 3) to base 10.
74583
110000311301 (base 4) to base 14
9a7cd3
What is 4537412 (base 11) in base 14?
10ab6cc
What is 2605166 (base 9) in base 10?
1420962
What is 30413544 (base 7) in base 14?
4a2324
What is 4316432 (base 7) in base 3?
222201010012
Convert -131100555 (base 6) to base 15.
-35ca4b
251165 (base 10) to base 5
31014130
What is 1010101100110011010100 (base 2) in base 8?
12546324
Convert 1001022001 (base 3) to base 6.
235301
Convert -1782 (base 9) to base 2.
-10101011010
What is -214026 (base 10) in base 14?
-57dd8
3541 (base 7) to base 6
10011
Convert 2031215 (base 10) to base 8.
7577157
2226500 (base 11) to base 13
a68733
What is -151010414 (base 7) in base 12?
-3424785
Convert 331435 (base 9) to base 8.
602433
-10020111200220 (base 3) to base 11
-a77086
Convert -37b48 (base 12) to base 4.
-102202220
What is 31123411 (base 5) in base 8?
761610
Convert 4521533 (base 6) to base 3.
102121110110
Convert 885a9e (base 15) to base 11.
373a001
Convert -83246 (base 9